mainder when 22773 is divided by 24.
21
What is the remainder when 8861 is divided by 2101?
457
Calculate the remainder when 5873 is divided by 203.
189
What is the remainder when 71775 is divided by 32?
31
What is the remainder when 2126 is divided by 1055?
16
Calculate the remainder when 281854 is divided by 192.
190
Calculate the remainder when 623415 is divided by 21.
9
Calculate the remainder when 383679 is divided by 437.
430
What is the remainder when 1464 is divided by 645?
174
Calculate the remainder when 13202 is divided by 138.
92
What is the remainder when 103145 is divided by 107?
104
Calculate the remainder when 59086 is divided by 367.
366
Calculate the remainder when 11730 is divided by 1466.
2
Calculate the remainder when 995 is divided by 483.
29
What is the remainder when 20943 is divided by 446?
427
What is the remainder when 188790 is divided by 552?
6
Calculate the remainder when 20106 is divided by 4937.
358
What is the remainder when 1462 is divided by 339?
106
Calculate the remainder when 579 is divided by 369.
210
Calculate the remainder when 14008 is divided by 2799.
13
What is the remainder when 72588 is divided by 208?
204
What is the remainder when 908466 is divided by 80?
66
Calculate the remainder when 26078 is divided by 32.
30
What is the remainder when 12111 is divided by 2374?
241
Calculate the remainder when 24215 is divided by 425.
415
Calculate the remainder when 384691 is divided by 64115.
1
What is the remainder when 10138 is divided by 74?
0
Calculate the remainder when 7672 is divided by 1532.
12
What is the remainder when 192388 is divided by 96193?
2
Calculate the remainder when 16486 is divided by 5488.
22
Calculate the remainder when 6005 is divided by 215.
200
What is the remainder when 258 is divided by 258?
0
What is the remainder when 2037 is divided by 1956?
81
Calculate the remainder when 19811 is divided by 2198.
29
Calculate the remainder when 34710 is divided by 434.
424
Calculate the remainder when 826 is divided by 5.
1
Calculate the remainder when 53622 is divided by 8.
6
What is the remainder when 8066 is divided by 1232?
674
What is the remainder when 2468 is divided by 216?
92
What is the remainder when 1756 is divided by 574?
34
What is the remainder when 780 is divided by 206?
162
What is the remainder when 3983 is divided by 120?
23
What is the remainder when 4952 is divided by 3?
2
What is the remainder when 146759 is divided by 154?
151
What is the remainder when 27260 is divided by 94?
0
What is the remainder when 4106 is divided by 1883?
340
Calculate the remainder when 1374 is divided by 54.
24
Calculate the remainder when 1239 is divided by 1060.
179
Calculate the remainder when 238486 is divided by 76.
74
Calculate the remainder when 7631 is divided by 1986.
1673
What is the remainder when 316 is divided by 225?
91
What is the remainder when 461 is divided by 13?
6
Calculate the remainder when 19369 is divided by 304.
217
What is the remainder when 10918 is divided by 10?
8
Calculate the remainder when 30362 is divided by 83.
67
Calculate the remainder when 53751 is divided by 26867.
17
Calculate the remainder when 9628 is divided by 4441.
746
Calculate the remainder when 992 is divided by 13.
4
Calculate the remainder when 555 is divided by 548.
7
Calculate the remainder when 3252 is divided by 803.
40
Calculate the remainder when 55535 is divided by 101.
86
Calculate the remainder when 2464 is divided by 124.
108
Calculate the remainder when 1095 is divided by 1093.
2
What is the remainder when 22891 is divided by 83?
66
What is the remainder when 22499 is divided by 253?
235
What is the remainder when 8011 is divided by 1233?
613
What is the remainder when 3873 is divided by 18?
3
What is the remainder when 10446 is divided by 37?
12
Calculate the remainder when 6439 is divided by 202.
177
What is the remainder when 16668 is divided by 183?
15
Calculate the remainder when 18036 is divided by 451.
447
Calculate the remainder when 63539 is divided by 15.
14
Calculate the remainder when 152227 is divided by 117.
10
What is the remainder when 2324 is divided by 146?
134
What is the remainder when 54375 is divided by 140?
55
Calculate the remainder when 22032 is divided by 3084.
444
What is the remainder when 526 is divided by 132?
130
Calculate the remainder when 25090 is divided by 751.
307
What is the remainder when 132805 is divided by 112?
85
Calculate the remainder when 34971 is divided by 50.
21
What is the remainder when 1162 is divided by 384?
10
Calculate the remainder when 94550 is divided by 22.
16
Calculate the remainder when 48966 is divided by 176.
38
Calculate the remainder when 598918 is divided by 8.
6
Calculate the remainder when 2672057 is divided by 986.
983
What is the remainder when 35899 is divided by 1281?
31
What is the remainder when 326841 is divided by 811?
8
What is the remainder when 1457 is divided by 119?
29
What is the remainder when 4988 is divided by 4978?
10
What is the remainder when 246728 is divided by 21?
20
Calculate the remainder when 59434 is divided by 12.
10
Calculate the remainder when 386262 is divided by 956.
38
Calculate the remainder when 544 is divided by 311.
233
What is the remainder when 6334 is divided by 135?
124
Calculate the remainder when 32443 is divided by 19.
10
What is the remainder when 97940 is divided by 5?
0
What is the remainder when 9808 is divided by 515?
23
What is the remainder when 9885 is divided by 63?
57
Calculate the remainder when 366176 is divided by 53.
52
What is the remainder when 33463 is divided by 391?
228
Calculate the remainder when 532753 is divided by 106549.
8
What is the remainder when 166206 is divided by 49?
47
What is the remainder when 6882 is divided by 128?
98
Calculate the remainder when 4047 is divided by 920.
367
What is the remainder when 15156 is divided by 505?
6
Calculate the remainder when 19836 is divided by 1653.
0
What is the remainder when 137118 is divided by 20?
18
What is the remainder when 11758 is divided by 535?
523
Calculate the remainder when 50247 is divided by 26.
15
Calculate the remainder when 9008 is divided by 410.
398
What is the remainder when 1525 is divided by 216?
13
Calculate the remainder when 39613 is divided by 140.
133
What is the remainder when 133371 is divided by 18?
9
Calculate the remainder when 86349 is divided by 855.
849
Calculate the remainder when 1308 is divided by 162.
12
Calculate the remainder when 44072 is divided by 2213.
2025
Calculate the remainder when 31615 is divided by 304.
303
What is the remainder when 187997 is divided by 100?
97
Calculate the remainder when 1512885 is divided by 1014.
1011
Calculate the remainder when 34775 is divided by 17375.
25
What is the remainder when 484710 is divided by 1769?
4
What is the remainder when 14089 is divided by 404?
353
What is the remainder when 273796 is divided by 54758?
6
What is the remainder when 73943 is divided by 51?
44
Calculate the remainder when 132675 is divided by 162.
159
Calculate the remainder when 1588 is divided by 226.
6
Calculate the remainder when 2753 is divided by 197.
192
What is the remainder when 7006 is divided by 1388?
66
Calculate the remainder when 13649 is divided by 250.
149
Calculate the remainder when 13668 is divided by 31.
28
What is the remainder when 171334 is divided by 34?
8
Calculate the remainder when 127007 is divided by 28.
27
Calculate the remainder when 168752 is divided by 1023.
980
What is the remainder when 2215 is divided by 312?
31
Calculate the remainder when 120450 is divided by 31.
15
What is the remainder when 12084 is divided by 522?
78
What is the remainder when 1915 is divided by 17?
11
What is the remainder when 10845 is divided by 2706?
21
What is the remainder when 1771 is divided by 28?
7
What is the remainder when 5171 is divided by 41?
5
Calculate the remainder when 161580 is divided by 85.
80
What is the remainder when 216486 is divided by 3669?
15
Calculate the remainder when 86120 is divided by 53.
48
What is the remainder when 26391 is divided by 119?
92
What is the remainder when 1905 is divided by 375?
30
What is the remainder when 37630 is divided by 195?
190
What is the remainder when 140911 is divided b